 2*n**2 + 5*n + 3. Let h be ((-24)/18)/((-1)/(-3)). Is p(h) prime?
False
Let a be -15 - (0 - 0 - 2). Let h(p) = -2*p**2 - p - 11. Let x(n) = -n**2 - 5. Let q(d) = a*x(d) + 6*h(d). Is q(7) prime?
False
Let y = 1 - -1. Suppose -3*b + 29 = 2*c - 22, y*c = 5*b - 69. Is b a composite number?
True
Let u(j) = 6*j**2 + 4*j - 11. Is u(16) composite?
True
Let d be ((-170)/(-4))/(2/4). Let g be 4/(-6) + d/15. Suppose 48 = g*v - 57. Is v a prime number?
False
Let w be -3 + (0 - (1 - 0)). Suppose 0 + 4 = -2*z. Is ((-21)/(-2))/(z/w) a composite number?
True
Let o(j) = 269*j - 1. Is o(2) composite?
True
Is (3 - -1)*17384/32 a composite number?
True
Suppose -488 = -3*b - n, -n - 79 = -2*b + 243. Let j = b + -75. Is j prime?
False
Let k(b) = -95*b + 1. Is k(-2) prime?
True
Suppose 0 = c - 2*c - 2. Let a(j) = -7*j**3 - 8*j**2 + 8*j + 3. Let k(h) = -2*h**3 - 2*h**2 + 2*h + 1. Let i(o) = -2*a(o) + 9*k(o). Is i(c) a composite number?
False
Let a = -7 - -11. Suppose -3*t - h = -12 - 10, a*t - 40 = -4*h. Suppose -2*o - r = -41, -r = o - t*r - 48. Is o a prime number?
True
Suppose -5*o + 4*g - 2*g = 40, -2*g + 34 = -4*o. Is ((-3)/o)/(4/280) prime?
False
Suppose 3*m - 1222 = w, -76 - 1556 = -4*m + 4*w. Is m composite?
True
Is (-2865)/6*(-2)/10*2 prime?
True
Suppose 2*s = 4*n - 28, 3*s - 5 = -3*n - 2. Is (-356)/s - (1 - 1) prime?
True
Suppose 5*w = -5*l + l + 30, 2*w + 5*l - 29 = 0. Suppose -3*t + 4*p = -381, 0 = -w*p + p. Is t prime?
True
Let l = -2385 - -3358. Is l composite?
True
Is (-1)/3*3 - -390 composite?
False
Suppose -3*n + 5152 + 251 = 0. Is n a composite number?
False
Suppose 0*g = 3*g + 51. Let x = 42 - 69. Let p = g - x. Is p a composite number?
True
Suppose 0 = -4*g - 158 - 266. Let s be (4/5)/(2/(-10)). Is g/(-3) - s/(-12) a prime number?
False
Suppose 4*x - 4318 = 5*h, x + 3*h - 3225 = -2*x. Is x composite?
True
Let h(f) = f**3 + f**2 - 6*f + 1. Is h(6) a prime number?
False
Let s be 2/(-9) - 2/(-9). Suppose s = 4*m - 0*m. Suppose m = -3*b - 4*u + 125, 180 = -0*b + 4*b + 2*u. Is b a composite number?
False
Let p(d) = 26*d + 0 + 0 + 4. Let w be p(8). Let s = 415 - w. Is s a composite number?
True
Let t(w) = 60*w**3 - 2*w**2 + w. Suppose -1 - 1 = 2*a. Let l(s) = -s**3 - s - 1. Let u be l(a). Is t(u) a composite number?
False
Let m(t) = 5*t**2 + 3*t - 1. Let n(p) = -p - 1. Let b be n(3). Is m(b) composite?
False
Suppose 0 = 3*y - 398 - 67. Is y composite?
True
Suppose -3*d = 2*y - 1743, 5*y + 3*d - 4415 = 7*d. Is y composite?
True
Suppose -5*z - 13001 = -3*d - z, 0 = z - 4. Is d a prime number?
True
Let w(y) = -y + 12. Let r be w(9). Let s = r - -2. Suppose 0 = 5*i, -a + s*i + 31 = -64. Is a composite?
True
Is (-3)/5 - 1832/(-20) prime?
False
Suppose -9*i + 10 = -4*i. Let p = -1 + i. Is (p - 0)/((-2)/(-68)) composite?
True
Let t = -222 - -475. Is t prime?
False
Let i(j) = 31*j - 1 + 3 + 0. Let x be i(5). Suppose 5*m - 78 = x. Is m composite?
False
Let k = 473 + 446. Is k prime?
True
Suppose -5*m + 5 = -0*m, -5*x = 4*m + 11. Let s be 11*(0 - 21/x). Suppose -l - b + s = 4*b, 4 = b. Is l a prime number?
False
Suppose 2*h = 4*p - 5914, -2*p - h + 1013 + 1938 = 0. Is p a composite number?
True
Let v(m) be the first derivative of -6*m**3 - m**2/2 + 2*m - 3. Let q(t) be the first derivative of v(t). Is q(-4) prime?
False
Let q(x) = -x**3 + 8*x**2 - x - 9. Suppose 0 = 3*t + p - 18, -4*t + 5*p + 46 - 3 = 0. Is q(t) composite?
True
Is (0 + 1)/(4/1204) prime?
False
Suppose -17*y - 9 = -20*y. Is y a prime number?
True
Let s be 16/24 + (-80)/3. Let b = s - -181. Is b a prime number?
False
Suppose -11*l = -15*l - 756. Let v = l - -352. Is v composite?
False
Let v(u) = 2*u - 5. Let n be v(4). Suppose 2*b = 5*j - 597, -145 = 3*j - n*b - 505. Suppose 2*m = 5*o + j, m - 2*o = 3*m - 84. Is m prime?
True
Is 0 - 0 - (-188 - -1) a composite number?
True
Suppose 745 = -3*x + 8*x. Is x a composite number?
False
Is 0 - (-1 - 78) - (-2 - -2) prime?
True
Let k be 142/10 - 2/10. Is 2*15/12*k composite?
True
Suppose -5*d = -5*p - 20, 22 = d + 2*d - 5*p. Let m be d/((3/3)/(-3)). Is (276 - 3)/m - -3 prime?
False
Let q(t) = 4*t + 79. Is q(0) a prime number?
True
Suppose 4*u = -3*l + 1401, 2*l - 251 = 3*u + 683. Is l a prime number?
True
Let q be (6/4)/((-1)/(-2)). Let f(l) be the second derivative of 5*l**4/12 + l**3/6 - l**2 + 19*l. Is f(q) a composite number?
True
Suppose 20 = -o - 4*o, -f + 2*o = -961. Is f a prime number?
True
Suppose -l - 216 + 1094 = 0. Is l a prime number?
False
Suppose -p - 20 = -3*p. Let x be 4/p + (-4)/10. Suppose 2*g + 3*t + 2*t = 141, x = -3*g - 5*t + 224. Is g a composite number?
False
Suppose -4*v = -7 - 129. Is (-10)/(-3)*153/v composite?
True
Let k(p) = 32*p**2 + 14*p - 11. Is k(9) prime?
True
Let p be -18*(-3 + 16/6). Let i(l) = -4*l - 10*l - l**2 - p*l - 6 + 4*l. Is i(-13) composite?
True
Let u(g) = g - 5. Let r(n) = -n**3 + 9*n**2 - 8*n. Let l be r(8). Let f be u(l). Let a = f - -84. Is a composite?
False
Let f be -2*2*104/(-2). Suppose 4*h + f = 4*a, -4*a - 5*h = a - 310. Is a a prime number?
False
Let v = 9 - 9. Let d be ((-222)/2)/(1 - v). Let n = d + 188. Is n a prime number?
False
Suppose w = -j - 2*w - 417, 4*j = -2*w - 1708. Let g = -10 - j. Is g composite?
False
Let g be ((-164)/16)/((-2)/16). Suppose -2*u = -g - 112. Suppose 5*x + r = 94 + u, r + 4 = 0. Is x a composite number?
True
Suppose 7*q + 3*c = 2*q + 120, 3*c = -q + 36. Is q a prime number?
False
Suppose -3*i = -7*i + 2104. Is i composite?
True
Suppose 0 = -3*p + d + 391, 3*p + p + 3*d - 504 = 0. Let w = -76 + p. Is w composite?
False
Let m(s) = 158*s**2 - 2*s + 1. Let d = 0 - -1. Is m(d) prime?
True
Let z be (-4)/(-12)*(-1 + 4). Let c(b) = b**3 - 3*b**2 + b - 1. Let x be c(2). Is z*x/((-6)/158) a composite number?
False
Is (2068/16)/((-1)/(-2 - 2)) a prime number?
False
Let m(g) = 2*g**3 - 8*g**2 - 5*g + 6. Let x = -4 + 11. Is m(x) composite?
True
Let g(z) = 15*z - 35. Is g(6) prime?
False
Let c(g) = g**2 - 5*g - 3. Let b(p) = -3*p**2 - 2*p - p**2 + 1 + 2 - 2. Let z be b(1). Is c(z) composite?
False
Suppose 5*i = 5*k - 5, 0*k + 5*k + 5*i - 15 = 0. Suppose 3*s - 74 = k*s. Is s prime?
False
Let a(v) = -137*v**2 - 5*v + 5. Let c(o) = -68*o**2 - 3*o + 3. Let l(d) = -3*a(d) + 5*c(d). Is l(-1) a composite number?
False
Let n = -24 - -121. Is n prime?
True
Let n(m) = -m**3 + 5*m**2 - 4*m + 6. Let c be n(4). Let u(h) = -5*h + 7. Let i be u(c). Let a = i + 44. Is a a composite number?
True
Suppose 0 = -21*s + 23*s - 1082. Is s a composite number?
False
Let u = 8 + -5. Suppose -3*y + 547 - 139 = 3*q, -2*q = u*y - 403. Is y a composite number?
False
Is (116 + 2)*10/4 a composite number?
True
Suppose 3*d = -337 + 3166. Is d a composite number?
True
Suppose 4*q = 3*v + 20, -4*v - 5*q = -5*v - 25. Suppose -y = -w + 155, 0*w + 4*w - 5*y - 617 = v. Is w a composite number?
True
Let x = 11 + -7. Suppose -5*h = 1 + x. Is (1*h)/((-5)/35) a prime number?
True
Let h = -5 + 7. Is 2 + (h + -3 - -370) composite?
True
Let z be 6*-2*(-4)/(-6). Let g(t) = t**2 + 7*t + 12. Let j be g(z). Let n = 17 + j. Is n a prime number?
True
Suppose 15 = 4*m + 3. Suppose -2*c + 12 = -5*q + m*q, -c + 22 = -5*q. Suppose -353 = -c*u - 55. Is u a composite number?
False
Let m(p) = p + 7. Let y be m(-6). Is 4*y*(-74)/(-8) composite?
False
Let z(p) = 36*p**2 + 3*p - 1. Is z(4) a composite number?
False
Let o = -32 + 73. Let h(s) = -21*s**2 + 60*s**2 + s + o*s**2. Is h(-1) a composite number?
False
Suppose -r + 3*r - 1125 = -5*f, -r + 4*f = -543. Suppose -m = -4*m + r. Is m prime?
False
Suppose 0 = -5*n - 3*j + 6580, 255 = 2*n + 3*j - 2368. Is n a composite number?
False
Suppose 6 = 3*v + s, v - 3*s = 2*v - 2. Suppose 18 = v*r + l, -2*l - 16 = 2*l. Is r composite?
False
Let n(b) = b**3 - 2*b**2 - 5*b + 5. Let a be n(4). Suppose -4*h = -2*x + 92, -a = 2*x - h - 97. Is x a composite number?
True
Let t be 3 - 4 - (1 + 1). Let r(v) = -12*v + 1. Is r(t) a composite number?
False
Suppose 2*r - 5*g + 15 = 0, -4*r - 2*g - 19 = -g. Let f be (-19)/(-5) - 1/r. Suppose -4*a + 55 + 267 = 2*y, 0 = -3*a + f*y + 269. Is a prime?
True
Let y = -2 - -2. Suppose -2*v + 3*g + 46 = 0, 4*v - g + y*g - 92 = 0. Is v a composite number?
False
Suppose 4*c - 10 - 54 = -4*g, -2*c - 45 = -5*g. Let t = -8 + g. Suppose -t*i + 30 = -0*i. Is i a composite numb